[INFO] fetching crate ntfs 0.3.1...
[INFO] checking ntfs-0.3.1 against master#9610dfe5a9a731ced1ea4923ecbd0c57fe367898 for beta-170-4
[INFO] extracting crate ntfs 0.3.1 into /workspace/builds/worker-5-tc1/source
[INFO] validating manifest of crates.io crate ntfs 0.3.1 on toolchain 9610dfe5a9a731ced1ea4923ecbd0c57fe367898
[INFO] running `Command { std: CARGO_HOME="/workspace/cargo-home" RUSTUP_HOME="/workspace/rustup-home" "/workspace/cargo-home/bin/cargo" "+9610dfe5a9a731ced1ea4923ecbd0c57fe367898" "metadata" "--manifest-path" "Cargo.toml" "--no-deps", kill_on_drop: false }`
[INFO] started tweaking crates.io crate ntfs 0.3.1
[INFO] removed 1 missing examples
[INFO] finished tweaking crates.io crate ntfs 0.3.1
[INFO] tweaked toml for crates.io crate ntfs 0.3.1 written to /workspace/builds/worker-5-tc1/source/Cargo.toml
[INFO] crate crates.io crate ntfs 0.3.1 already has a lockfile, it will not be regenerated
[INFO] running `Command { std: CARGO_HOME="/workspace/cargo-home" RUSTUP_HOME="/workspace/rustup-home" "/workspace/cargo-home/bin/cargo" "+9610dfe5a9a731ced1ea4923ecbd0c57fe367898" "fetch" "--manifest-path" "Cargo.toml", kill_on_drop: false }`
[INFO] [stderr]     Updating crates.io index
[INFO] [stderr]  Downloading crates ...
[INFO] [stderr]   Downloaded array-init v2.0.0
[INFO] [stderr]   Downloaded enumn v0.1.3
[INFO] [stderr]   Downloaded strum_macros v0.24.0
[INFO] running `Command { std: "docker" "create" "-v" "/var/lib/crater-agent-workspace/builds/worker-5-tc1/target:/opt/rustwide/target:rw,Z" "-v" "/var/lib/crater-agent-workspace/builds/worker-5-tc1/source:/opt/rustwide/workdir:ro,Z" "-v" "/var/lib/crater-agent-workspace/cargo-home:/opt/rustwide/cargo-home:ro,Z" "-v" "/var/lib/crater-agent-workspace/rustup-home:/opt/rustwide/rustup-home:ro,Z" "-e" "SOURCE_DIR=/opt/rustwide/workdir" "-e" "CARGO_TARGET_DIR=/opt/rustwide/target" "-e" "CARGO_HOME=/opt/rustwide/cargo-home" "-e" "RUSTUP_HOME=/opt/rustwide/rustup-home" "-w" "/opt/rustwide/workdir" "-m" "1610612736" "--user" "0:0" "--network" "none" "ghcr.io/rust-lang/crates-build-env/linux@sha256:19e73879b68f455e41552ea35293514db52ea292d993f571636dbffedb77a1ee" "/opt/rustwide/cargo-home/bin/cargo" "+9610dfe5a9a731ced1ea4923ecbd0c57fe367898" "metadata" "--no-deps" "--format-version=1", kill_on_drop: false }`
[INFO] [stdout] 66ab3c7980394c19e07d3be1f3ed2362ce8895af461d92ebfef7f3ee2f65b9e6
[INFO] running `Command { std: "docker" "start" "-a" "66ab3c7980394c19e07d3be1f3ed2362ce8895af461d92ebfef7f3ee2f65b9e6", kill_on_drop: false }`
[INFO] running `Command { std: "docker" "inspect" "66ab3c7980394c19e07d3be1f3ed2362ce8895af461d92ebfef7f3ee2f65b9e6", kill_on_drop: false }`
[INFO] running `Command { std: "docker" "rm" "-f" "66ab3c7980394c19e07d3be1f3ed2362ce8895af461d92ebfef7f3ee2f65b9e6", kill_on_drop: false }`
[INFO] [stdout] 66ab3c7980394c19e07d3be1f3ed2362ce8895af461d92ebfef7f3ee2f65b9e6
[INFO] running `Command { std: "docker" "create" "-v" "/var/lib/crater-agent-workspace/builds/worker-5-tc1/target:/opt/rustwide/target:rw,Z" "-v" "/var/lib/crater-agent-workspace/builds/worker-5-tc1/source:/opt/rustwide/workdir:ro,Z" "-v" "/var/lib/crater-agent-workspace/cargo-home:/opt/rustwide/cargo-home:ro,Z" "-v" "/var/lib/crater-agent-workspace/rustup-home:/opt/rustwide/rustup-home:ro,Z" "-e" "SOURCE_DIR=/opt/rustwide/workdir" "-e" "CARGO_TARGET_DIR=/opt/rustwide/target" "-e" "CARGO_INCREMENTAL=0" "-e" "RUST_BACKTRACE=full" "-e" "RUSTFLAGS=--cap-lints=forbid" "-e" "RUSTDOCFLAGS=--cap-lints=forbid" "-e" "CARGO_HOME=/opt/rustwide/cargo-home" "-e" "RUSTUP_HOME=/opt/rustwide/rustup-home" "-w" "/opt/rustwide/workdir" "-m" "1610612736" "--user" "0:0" "--network" "none" "ghcr.io/rust-lang/crates-build-env/linux@sha256:19e73879b68f455e41552ea35293514db52ea292d993f571636dbffedb77a1ee" "/opt/rustwide/cargo-home/bin/cargo" "+9610dfe5a9a731ced1ea4923ecbd0c57fe367898" "check" "--frozen" "--all" "--all-targets" "--message-format=json", kill_on_drop: false }`
[INFO] [stdout] b22339ae5594112f147878018146a073db1f562f2c0dd8cca543f501329cd02b
[INFO] running `Command { std: "docker" "start" "-a" "b22339ae5594112f147878018146a073db1f562f2c0dd8cca543f501329cd02b", kill_on_drop: false }`
[INFO] [stderr]    Compiling proc-macro2 v1.0.26
[INFO] [stderr]    Compiling unicode-xid v0.2.1
[INFO] [stderr]    Compiling syn v1.0.68
[INFO] [stderr]    Compiling rustversion v1.0.6
[INFO] [stderr]    Compiling autocfg v1.0.1
[INFO] [stderr]    Compiling libc v0.2.121
[INFO] [stderr]    Compiling either v1.6.1
[INFO] [stderr]     Checking array-init v2.0.0
[INFO] [stderr]    Compiling anyhow v1.0.56
[INFO] [stderr]    Compiling heck v0.4.0
[INFO] [stderr]     Checking byteorder v1.4.3
[INFO] [stderr]     Checking itoa v1.0.1
[INFO] [stderr]     Checking arrayvec v0.7.2
[INFO] [stderr]     Checking num_threads v0.1.5
[INFO] [stderr]    Compiling time-macros v0.2.4
[INFO] [stderr]    Compiling memoffset v0.8.0
[INFO] [stderr]    Compiling quote v1.0.9
[INFO] [stderr]     Checking time v0.3.9
[INFO] [stderr]    Compiling binread_derive v2.1.0
[INFO] [stderr]    Compiling enumn v0.1.3
[INFO] [stderr]    Compiling displaydoc v0.2.3
[INFO] [stderr]    Compiling derive_more v0.99.17
[INFO] [stderr]    Compiling strum_macros v0.24.0
[INFO] [stderr]     Checking binread v2.2.0
[INFO] [stderr]     Checking ntfs v0.3.1 (/opt/rustwide/workdir)
[INFO] [stdout] error[E0277]: the trait bound `OffsetDateTime: From<NtfsTime>` is not satisfied
[INFO] [stdout]    --> examples/ntfs-shell/main.rs:370:38
[INFO] [stdout]     |
[INFO] [stdout] 370 |     let atime = OffsetDateTime::from(std_info.access_time())
[INFO] [stdout]     |                 -------------------- ^^^^^^^^^^^^^^^^^^^^^^ the trait `From<NtfsTime>` is not implemented for `OffsetDateTime`
[INFO] [stdout]     |                 |
[INFO] [stdout]     |                 required by a bound introduced by this call
[INFO] [stdout]     |
[INFO] [stdout]     = help: the trait `From<SystemTime>` is implemented for `OffsetDateTime`
[INFO] [stdout] 
[INFO] [stdout] 
[INFO] [stdout] error[E0277]: the trait bound `OffsetDateTime: From<NtfsTime>` is not satisfied
[INFO] [stdout]    --> examples/ntfs-shell/main.rs:373:38
[INFO] [stdout]     |
[INFO] [stdout] 373 |     let ctime = OffsetDateTime::from(std_info.creation_time())
[INFO] [stdout]     |                 -------------------- ^^^^^^^^^^^^^^^^^^^^^^^^ the trait `From<NtfsTime>` is not implemented for `OffsetDateTime`
[INFO] [stdout]     |                 |
[INFO] [stdout]     |                 required by a bound introduced by this call
[INFO] [stdout]     |
[INFO] [stdout]     = help: the trait `From<SystemTime>` is implemented for `OffsetDateTime`
[INFO] [stdout] 
[INFO] [stdout] 
[INFO] [stdout] error[E0277]: the trait bound `OffsetDateTime: From<NtfsTime>` is not satisfied
[INFO] [stdout]    --> examples/ntfs-shell/main.rs:376:38
[INFO] [stdout]     |
[INFO] [stdout] 376 |     let mtime = OffsetDateTime::from(std_info.modification_time())
[INFO] [stdout]     |                 -------------------- ^^^^^^^^^^^^^^^^^^^^^^^^^^^^ the trait `From<NtfsTime>` is not implemented for `OffsetDateTime`
[INFO] [stdout]     |                 |
[INFO] [stdout]     |                 required by a bound introduced by this call
[INFO] [stdout]     |
[INFO] [stdout]     = help: the trait `From<SystemTime>` is implemented for `OffsetDateTime`
[INFO] [stdout] 
[INFO] [stdout] 
[INFO] [stdout] error[E0277]: the trait bound `OffsetDateTime: From<NtfsTime>` is not satisfied
[INFO] [stdout]    --> examples/ntfs-shell/main.rs:379:39
[INFO] [stdout]     |
[INFO] [stdout] 379 |     let mmtime = OffsetDateTime::from(std_info.mft_record_modification_time())
[INFO] [stdout]     |                  -------------------- ^^^^^^^^^^^^^^^^^^^^^^^^^^^^^^^^^^^^^^^ the trait `From<NtfsTime>` is not implemented for `OffsetDateTime`
[INFO] [stdout]     |                  |
[INFO] [stdout]     |                  required by a bound introduced by this call
[INFO] [stdout]     |
[INFO] [stdout]     = help: the trait `From<SystemTime>` is implemented for `OffsetDateTime`
[INFO] [stdout] 
[INFO] [stdout] 
[INFO] [stdout] error: aborting due to 4 previous errors
[INFO] [stdout] 
[INFO] [stdout] 
[INFO] [stdout] For more information about this error, try `rustc --explain E0277`.
[INFO] [stdout] 
[INFO] [stderr] error: could not compile `ntfs` (example "ntfs-shell") due to 5 previous errors
[INFO] [stderr] warning: build failed, waiting for other jobs to finish...
[INFO] running `Command { std: "docker" "inspect" "b22339ae5594112f147878018146a073db1f562f2c0dd8cca543f501329cd02b", kill_on_drop: false }`
[INFO] running `Command { std: "docker" "rm" "-f" "b22339ae5594112f147878018146a073db1f562f2c0dd8cca543f501329cd02b", kill_on_drop: false }`
[INFO] [stdout] b22339ae5594112f147878018146a073db1f562f2c0dd8cca543f501329cd02b
